 Let o = i - -2. Determine k(o).
-5
Suppose 0 = -19*i - 102*i - 242. Let j(x) = -x**3 - 4*x**2 - x + 3. Calculate j(i).
-3
Let c(i) = i**3 + 5*i**2 - 8*i. Suppose -2*b + 4*u = -0*b - 4, 70 = 5*b + 2*u. Let z = b + 0. Let d = z - 18. Determine c(d).
12
Let z(o) be the first derivative of -23 + 12*o - 1/2*o**2. Calculate z(9).
3
Let j(v) = 6*v - v - 93 - v**2 - 91 + 2*v + 191. Determine j(8).
-1
Let c(l) = 3*l**2 + 1 + 24*l + 26*l - 3 - 48*l. Determine c(-2).
6
Let i(g) = g**2 - g - 6. Let d be (-12)/21 + ((-1360)/(-70))/(-8). Give i(d).
6
Let s(c) = 2*c**3 + 2*c. Let j(z) = -5*z**3 - 6*z**2 - 7*z + 2. Let x(n) = j(n) + 2*s(n). Give x(-5).
-8
Let j(b) = b - 1. Let x(s) = -23*s + 7*s + 10*s + 1 + 7*s. Let l(r) = -3*j(r) + x(r). Determine l(-4).
12
Let k be 0/(10/5) + 0. Let j(a) be the third derivative of -a**6/120 - a**5/60 - a**4/24 + 2*a**3 - 3*a**2. Give j(k).
12
Let o(j) = j + 4. Suppose -4*n = -5*n - 4*h + 26, h = 5*n - 25. Suppose 19*s = 20*s - n. Determine o(s).
10
Let c(v) = -2*v - 7. Let l = 46 - 48. Calculate c(l).
-3
Suppose 23 = -8*s - 9. Let a be (-2)/((-1)/10 - 2/s). Let d(y) = 5*y + 5. Let q(n) = -9*n - 9. Let l(t) = 7*d(t) + 4*q(t). Determine l(a).
4
Let n = -70 + 122. Let u(r) = -n + 3*r + 3*r**2 + 57 - 2*r**2 - 4*r. Calculate u(0).
5
Let q(v) = -55*v - 25. Let h(g) = -3*g. Let d(i) = -20*h(i) + q(i). Determine d(4).
-5
Let r be (-8)/(-6)*(1 - 9/12). Let n(q) be the first derivative of -6*q + 1/2*q**2 - r*q**3 + 5. Determine n(0).
-6
Let i(b) = -b**3 - 9*b**2 - 2*b - 11. Let g be i(-9). Let s(u) = -4*u**2 + 4*u - 9. Let n(r) = -5*r**2 + 3*r - 9. Let v(c) = 3*n(c) - 4*s(c). Determine v(g).
9
Let a(k) = -5*k. Let n(h) = 59*h + 6. Let f(r) = 12*r + 1. Let g(j) = 11*f(j) - 2*n(j). Let y(w) = 11*a(w) + 4*g(w). Let u = 1 + -1. Calculate y(u).
-4
Let o(s) = 28*s**3 + 25*s**2 + 8*s + 10. Let r(h) = -13*h**3 - 12*h**2 - 4*h - 5. Let q(w) = 6*o(w) + 13*r(w). Calculate q(-4).
-21
Let w(v) = 7*v**3 - 3*v**2 - 12*v - 15. Let n(p) = -3*p**3 + 2*p**2 + 6*p + 7. Let d(y) = -9*n(y) - 4*w(y). Give d(-5).
2
Suppose 0 = 6*i - 19 - 17. Suppose 9 = 3*g + 4*d, -i*g - 3*d + 15 = -g. Let w(r) = 3*r**2 - 2 + 5*r - 5*r**2 - 3*r**2 + 3*r**2. What is w(g)?
-5
Let u(w) = 3*w - 6. Let c be 55/(-11) + 6/3. Calculate u(c).
-15
Let b be (-2)/7 - 5/7. Let u(d) = -23*d**3 - 4*d**2 + 2*d - 3. Let x(p) = 47*p**3 + 9*p**2 - 5*p + 7. Let c(r) = 7*u(r) + 3*x(r). Determine c(b).
20
Let t(l) = -2*l + 15. Let q(m) = -13*m + 810. Let o be q(62). Give t(o).
7
Let a(t) be the first derivative of -4*t**2 + 2. Suppose 0 = -3*h + 32*z - 29*z + 6, -2 = h + 3*z. Calculate a(h).
-8
Let h(c) = -c**3 + 3*c**2. Suppose -27*p - 24 = -35*p. What is h(p)?
0
Suppose -f + y = -3, 0 = 3*f + 4*y - y + 9. Let d(z) = -z**2 + 3*z**3 + z**3 - 2*z**3 + 5 - 3*z**3. Determine d(f).
5
Let o be (28/21)/((-2)/12). Let u be 27/(-36) - 118/o. Let f = u + -13. Let w(z) = -5*z - 1. Give w(f).
-6
Let a(w) = w - 1. Suppose -3*h + 13 = -14. Suppose 3*r = -2*t - 1, -t - 2*t = r - h. Calculate a(t).
3
Suppose 9*i - 7*i + 8 = 0. Let z be (2/5)/(i/10). Let x(l) = -2*l. Give x(z).
2
Let a be (-7 - -4)*(-2 + 1). Let y(b) be the second derivative of b**6/180 - b**5/40 + b**4/4 + 3*b. Let p(d) be the third derivative of y(d). Calculate p(a).
9
Let w be ((-1)/(-3))/(5/45). Let a(t) = -5*t + 5*t - 3*t**2 - t + w - 2*t. Let p(n) = -7*n**2 - 6*n + 6. Let g(m) = -5*a(m) + 2*p(m). Calculate g(2).
7
Suppose -6*a = -5*a. Suppose 0 = -v + 2*o - a*o + 1, 0 = 4*v + 4*o + 32. Let u(y) = 3*y + 11. Let g(c) = 7*c + 22. Let b(p) = 2*g(p) - 5*u(p). Calculate b(v).
-6
Let o be (3 + -5)*3/9*3. Let u(j) = -8*j + 4. Give u(o).
20
Suppose -q - 7*t = -2*t - 19, t = 2*q - 5. Suppose -l = -q + 7. Let m(k) = k + 2. Determine m(l).
-1
Let d be (-9 - 0)*120/(-90). Let m(u) = u - 8. Calculate m(d).
4
Let f(a) be the first derivative of a**4/2 - 19*a**3/3 + 5*a**2 - 13*a - 544. Determine f(9).
-4
Let q(f) be the third derivative of -7*f**4/24 + 2*f**3/3 - 3*f**2 + 3*f. What is q(3)?
-17
Suppose -4*l + 66 = 5*h, 2*l - 19 = 4*h + 1. Suppose 2*u = -3*u - 3*k, -3*u + k - l = 0. Let q(n) = -n**2 + n + 3. Calculate q(u).
-9
Let m(j) = -j**3 - 10*j**2 - 10*j - 1. Let i(z) = 3*z + 3. Let s(w) = -4*w + 28. Let f be s(8). Let p be i(f). Calculate m(p).
8
Let d be ((-5)/((-400)/4))/1. Let j(a) be the second derivative of 0 - a**2 + d*a**5 - 3*a - 1/6*a**3 - 1/6*a**4. Give j(2).
-4
Suppose 8*j + 9 = 9. Let a(u) be the second derivative of -u**4/12 + u**3/6 - 5*u**2 + u. Determine a(j).
-10
Let u(g) = 2*g**2 - 4*g - 3. Let v = -33 + 36. Determine u(v).
3
Let u(l) = 1 + 2*l + 74*l**2 - 75*l**2 + 5*l. Suppose -n + 15 = 5*q, -11 = -n - 5*q + 2*q. Let i(t) = -t. Let c(f) = n*i(f) + u(f). Calculate c(3).
-2
Let l(q) = q - 4. Let n(w) = -6*w + 30. Let g(x) = 15*l(x) + 2*n(x). Calculate g(3).
9
Let v(o) = o**3 - 3*o**2 - 3*o + 1. Let t = 413 - 409. What is v(t)?
5
Let s(a) = a**2 - 8*a - 8. Let z(m) = -15*m - 7. Let n(o) = -44*o - 20. Let b(w) = 3*n(w) - 8*z(w). Let c be b(-1). Determine s(c).
-8
Let q(k) = -2*k**2 + 13*k + 10. Let r be q(7). Let a(j) = -2 + 0*j**r - j**3 - j**2 + 7 - 7. What is a(-2)?
2
Let t(z) = 20 + 853*z**2 - 1722*z**2 - z - 18 + 867*z**2. Let v = -6 + 8. Determine t(v).
-8
Let h(u) = -4*u + 41. Let x(o) = 3*o - 31. Let v(s) = 2*h(s) + 3*x(s). Calculate v(6).
-5
Let z(a) = -8*a - 3. Let s(k) = -k. Let p(g) = 4*s(g) - z(g). Suppose -75*x - 8 = -72*x + 2*o, 4*x = 3*o - 5. Calculate p(x).
-5
Let z(o) = -o**3 - 9*o**2 - 24*o - 127. Let a be z(-8). Let x(c) = 26*c**2 - c. Calculate x(a).
25
Let o(y) = -3*y - 3. Let i(s) = -s**3 + 6*s**2 + 4. Let v be i(6). Let b(k) = -4*k - 2. Let u(t) = v*b(t) - 5*o(t). Let p = 0 + 0. Determine u(p).
7
Let l(x) be the second derivative of 0 + 1/20*x**5 + 30*x + 1/3*x**3 - 1/2*x**2 + 1/3*x**4. Determine l(-4).
-9
Let p(w) = w**3 - 8*w**2 - 7. Let n(o) = 42*o + 15. Let h be n(-4). Let a = 161 + h. What is p(a)?
-7
Let l(f) = 2*f**2 - 41*f - 18. Suppose -41 = -q + 5*z, z - 3 = -7. Let x be l(q). Let i(b) = b**3 - 4*b**2 + 4*b - 3. Calculate i(x).
0
Let k(d) = 3*d - 9. Let h(s) = 2*s - 8. Let b(n) = 4*h(n) - 3*k(n). Let w be 1*(4*1 - 40/(18 + -8)). Calculate b(w).
-5
Let a(w) = 3*w + 1. Let o(b) = -b. Let q(h) = a(h) + 5*o(h). Let s be 1 + -3 - 17*-4. Let f = s - 64. What is q(f)?
-3
Let v(l) = l**2 - 3*l. Let a(y) = -19*y**2 + 12*y - 2. Let r(d) = 9*d**2 - 6*d + 1. Let z(u) = -6*a(u) - 13*r(u). Let i(n) = 5*v(n) + 2*z(n). What is i(-4)?
-6
Let s(u) = -u**3 + u**2 + u + 4. Let m be s(0). Let i be (2/m)/((-12)/(-48)). Suppose -4*d = i*t - 14, d + 8 = t + 4. Let r(f) = f**2 - 5*f + 6. What is r(t)?
6
Let z(j) = j**2 - 15*j + 29. Let y be z(13). Suppose 0 = y*k - 4*k - 4. Let r(x) = x**3 + 4*x**2 - x - 3. Give r(k).
1
Let k(a) = -a**2 + 6*a - 3. Let h(f) = -f**2 + 7*f - 8. Let n be h(4). Suppose -2*v + 3*d = -n, -4*v - 2*d + 28 = 2*d. Suppose -v*c + 8 = -22. Calculate k(c).
-3
Let m = 8 + -4. Let b(s) be the second derivative of 24*s + 0 + 1/12*s**4 - 5/2*s**2 - 1/3*s**3. What is b(m)?
3
Let a(l) = 8*l + 22. Let f be a(-5). Let y = 25 + f. Let p(u) = -u + 6. Calculate p(y).
-1
Let u(r) be the second derivative of r**5/60 + r**4/24 - 2*r**3/3 - 3*r**2/2 - 13*r. Let p(s) be the first derivative of u(s). Give p(3).
8
Suppose 0 = -5*s + 3*y + 17, 2 = 5*s + 2*y + 5. Let k(m) be the second derivative of 5*m**3/6 - m**2/2 + 989*m. Give k(s).
4
Let y(q) = -q**2 - 13*q. Let f(g) = -3*g**2 - 39*g - 1. Let k(o) = f(o) - 2*y(o). What is k(-14)?
-15
Let u(m) be the third derivative of -m**6/360 - m**4/24 + m**3/2 - 22*m**2. Let r(x) be the first derivative of u(x). Calculate r(-1).
-2
Let g(q) be the third derivative of -q**5/60 + q**4/12 + q**3/3 - 105*q**2. Calculate g(6).
-22
Let x(t) = 39*t**2 - 2*t - 4. Let s(h) = 118*h**2 - 5*h - 11. Let f(i) = -3*s(i) + 8*x(i). Give f(1).
-42
Let q(m) = 62 + 6*m + 66 - 133. Determine q(3).
13
Suppose 2*q + 0 - 16 = 4*j, 5*q = 2*j. Let y be ((0 - 1)*j)/(-1). Let t(f) = f - 5. Let b(k) = 12*k - 51. Let r(n) = 2*b(n) - 21*t(n). What is r(y)?
-12
Let w(n) = -52*n - 3. Let u(d) = 103*d + 7. Let f(k) = 4*u(k) + 9*w(k). Calculate f(-1).
57
Suppose 3 = 2*d - 1. Let f(c) = c - d + 0 + 5*c + 5. Determine f(-3).
-15
Let n = -418 + 417. Let q(z) = -36*z**2 + z + 1. Give q(n).
-36
Let i(z) = 3*z**3 